-43
Let o(h) = 4*h**3 - 865*h**2 - 656*h + 1133. Determine o(217).
48
Let y(t) = -5073*t + 715289. Determine y(141).
-4
Let r(u) = 4*u**2 - 136*u + 1017. What is r(11)?
5
Let l(w) = -1465*w + 420460. Give l(287).
5
Let i(w) = 709*w - 2104. Give i(3).
23
Let w(r) = -r**3 - 273*r**2 - 17638*r + 234. Give w(-105).
24
Let n(x) = 4*x**3 - 162*x**2 + 374*x + 193. Determine n(37).
-5135
Let h(o) = 887*o + 53. Determine h(-2).
-1721
Let a(w) = -16342*w + 441248. Determine a(27).
14
Let z(u) = 327*u + 9431. What is z(-30)?
-379
Let m(o) = 98702*o - 1579231. Give m(16).
1
Let n(u) = -2799*u - 22314. Give n(-8).
78
Let u(j) = -j**3 - 10*j**2 + 7*j - 1924. What is u(0)?
-1924
Let x(r) = -14*r**3 + r**2 - 16*r + 49. Calculate x(5).
-1756
Let k(g) = -11*g**2 - 52*g + 7. What is k(0)?
7
Let k(d) = 6*d**3 + 10*d**2 + 834*d + 2478. Give k(-3).
-96
Let c(b) = 2*b**2 - 5091*b + 1469773. Give c(332).
9
Let r(s) = -139357*s + 139393. Determine r(1).
36
Let o(n) = -n**3 + 196*n**2 + 1783*n - 312458. Determine o(197).
-16
Let x(o) = 2*o**3 - 1133*o**2 - 1689*o - 8431. What is x(568)?
89
Let z(p) = -6*p**3 + 140*p**2 - 51*p - 49. Give z(23).
-164
Let h(j) = -6309*j + 2586698. Determine h(410).
8
Let y(f) = -496*f + 131. Give y(0).
131
Let u(p) = -179*p**2 - 1837*p + 1841. Calculate u(1).
-175
Let r(c) = -329*c - 58776. Give r(-175).
-1201
Let j(z) = -103*z + 2200. Determine j(21).
37
Let g(w) = 17*w**2 - 1607*w + 2421. Calculate g(93).
3
Let u(m) = 690*m + 17851. Calculate u(-26).
-89
Let a(w) = -w**3 + 14*w**2 + 794*w - 263. Calculate a(-22).
-307
Let j(o) = -o**3 + 29*o**2 + 672*o - 19599. Calculate j(28).
1
Let t(x) = 9*x**2 - 406*x - 1645. What is t(-4)?
123
Let k(i) = 6855*i + 19905. Give k(-3).
-660
Let x(l) = 16499*l - 33001. Determine x(2).
-3
Let q(z) = 5*z**2 - 238*z + 543. What is q(2)?
87
Let y(r) = -25*r**2 + 3188*r + 90. What is y(127)?
1741
Let t(w) = 56*w**3 - 9*w**2 - 9*w + 13. Calculate t(-2).
-453
Let q(n) = -n**2 - 28430*n - 39656692. Calculate q(-1471).
-3
Let f(r) = 2548*r**2 - 22923*r - 69. Determine f(9).
12
Let a(x) = 122*x**2 + 505*x - 1502. Give a(3).
1111
Let y(p) = 10*p**2 + 1358*p - 1358. Calculate y(1).
10
Let d(t) = -73693*t + 6558679. What is d(89)?
2
Let x(a) = -6*a**2 - 4900*a - 22665. What is x(-812)?
71
Let c(h) = h**3 - 8*h**2 + 31*h + 75. Determine c(12).
1023
Let r(z) = z**3 - 3383*z + 70372. Give r(26).
-10
Let w(k) = -8*k**2 + 3326*k - 94713. What is w(385)?
-3
Let y(r) = r**3 + 69*r**2 + 1117*r - 96. Calculate y(-27).
363
Let p(s) = -3*s**2 - 356*s + 2912. Give p(8).
-128
Let v(i) = -i**2 - 130*i + 9299. Give v(49).
528
Let s(w) = -1188*w**2 + 1200*w - 51. What is s(1)?
-39
Let y(i) = i**3 + 50*i**2 - 7226*i - 404931. Determine y(-73).
0
Let k(h) = h**2 - 119395*h - 477599. Determine k(-4).
-3
Let h(z) = -23*z**3 + 300*z**2 - 10*z - 219. Determine h(13).
-180
Let n(x) = 2*x - 933. What is n(8)?
-917
Let q(y) = -39*y**2 + 503*y + 8. Calculate q(12).
428
Let x(y) = -10*y**2 + 596*y - 3953. Calculate x(50).
847
Let t(n) = n**3 + 184*n**2 - 337*n + 6522. Give t(-186).
12
Let i(b) = -7906*b - 110695. What is i(-14)?
-11
Let u(c) = -7*c**2 - 43*c + 2112. What is u(-22)?
-330
Let j(z) = -131*z + 17684. Give j(136).
-132
Let m(p) = -12*p**2 - 22*p - 79. Give m(-10).
-1059
Let m(y) = 2*y**3 - 314*y**2 + 1829*y - 1066. Determine m(151).
1501
Let f(x) = -4481*x + 1129205. Give f(252).
-7
Let y(h) = -7*h**2 + 2084*h - 7647. Calculate y(294).
-3
Let d(m) = 32*m**2 + 210*m + 270. What is d(-5)?
20
Let f(h) = h**3 + 390*h**2 + 2280*h - 147. What is f(-6)?
-3
Let p(i) = 1056*i + 2310. What is p(-2)?
198
Let n(a) = -16275*a - 391150. What is n(-24)?
-550
Let a(x) = -x**3 - 666*x**2 - 2693*x - 178. Determine a(-4).
2
Let g(b) = -148*b - 4039. Give g(-28).
105
Let m(d) = 4992*d - 6764. What is m(1)?
-1772
Let v(u) = -5080*u + 3728738. Calculate v(734).
18
Let j(q) = -28*q**3 + 2420*q**2 - 1036*q + 218. Determine j(86).
-126
Let d(a) = 44*a**2 + 2715*a + 312. Calculate d(-61).
-1579
Let g(j) = -j**3 - j**2 + 128*j - 375. Give g(-13).
-11
Let y(g) = -8*g**3 + 9*g**2 + 147*g - 611. Give y(4).
-391
Let s(o) = 2751*o - 2781252. What is s(1011)?
9
Let s(n) = -3*n**3 + n**2 + 35*n - 18. Determine s(7).
-753
Let d(s) = -6367471*s + 89144590. Calculate d(14).
-4
Let q(t) = 3*t**2 - 226*t + 3897. Give q(44).
-239
Let z(u) = -81188*u**2 - 4302964*u + 1. Calculate z(-53).
1
Let i(o) = 293*o**3 - 1452*o**2 - 79*o + 93. Give i(5).
23
Let u(f) = 438*f + 1698. Calculate u(-3).
384
Let l(o) = -o**3 + 26*o**2 + 427*o - 731. Calculate l(37).
9
Let p(j) = -9*j - 1291. What is p(-153)?
86
Let w(s) = -138*s - 30202. What is w(-221)?
296
Let h(f) = -13647*f - 1801401. What is h(-132)?
3
Let z(h) = -3*h**3 + 64*h**2 - 83*h + 1886. What is z(22)?
-908
Let z(v) = 29*v**3 - 24*v**2 - 62*v - 22. Determine z(-2).
-226
Let x(c) = -454478*c - 4999296. What is x(-11)?
-38
Let y(d) = d**2 + 331*d - 3852. Give y(11).
-90
Let o(l) = -l**3 - 43*l**2 + 92*l + 1604. What is o(-44)?
-508
Let w(h) = 1533*h - 27638. Determine w(18).
-44
Let m(a) = a**3 + 28*a**2 - 62*a + 546. Determine m(-30).
606
Let u(l) = -l**3 - 97*l**2 - 38*l - 3703. Give u(-97).
-17
Let k(b) = -33088*b + 463214. Give k(14).
-18
Let u(x) = -55*x**3 - 32671*x**2 - 589*x + 2954. What is u(-594)?
-16
Let y(f) = 430*f - 24956. Calculate y(58).
-16
Let v(x) = 24373*x - 2022960. Give v(83).
-1
Let i(c) = -c**3 - 295*c**2 + 475*c + 53003. Determine i(-296).
19
Let y(p) = p**3 - 21*p**2 - 526*p + 2665. Determine y(34).
-191
Let c(h) = -29*h**2 - 415*h - 93. Calculate c(-14).
33
Let t(d) = d**3 + 30*d**2 + 274*d + 6109. Calculate t(-28).
5
Let l(x) = x**3 + 71*x**2 - 12783*x + 97. Calculate l(-154).
251
Let v(f) = -f**3 - 378*f**2 - 35534*f - 1922. What is v(-203)?
-95
Let f(h) = 4779*h - 5228231. What is f(1094)?
-5
Let m(g) = -284*g - 7601. Calculate m(-27).
67
Let l(y) = -6*y**3 + 2*y**2 + 99*y - 453. What is l(5)?
-658
Let h(s) = 4224893*s + 12674681. What is h(-3)?
2
Let g(h) = h**3 + 8*h**2 + 10*h + 189. Give g(-13).
-786
Let b(l) = l**2 - 1258*l - 458142. What is b(-295)?
-7
Let l(f) = 1382*f - 8129. Give l(6).
163
Let t(y) = -2*y**3 + 29552*y**2 + 295718*y - 19. What is t(-10)?
1
Let m(n) = -4*n**2 + 520*n + 11998. Determine m(-20).
-2
Let p(i) = 2246*i - 51570. What is p(21)?
-4404
Let k(o) = 27*o**2 + 597*o - 651. Determine k(-23).
-99
Let j(u) = u**2 - 20616*u - 123731. Give j(-6).
1
Let p(z) = -z**2 + 109*z - 2677. What is p(72)?
-13
Let i(x) = -30*x**3 + 17418*x**2 + 6981*x - 5230. What is i(581)?
-1
Let p(c) = -c**2 + 149*c + 722. What is p(-5)?
-48
Let z(r) = 8*r**3 - 47*r**2 - 43*r + 57. Give z(6).
-165
Let q(m) = 221*m + 18137. Calculate q(-88).
-1311
Let w(j) = -56*j - 1225. Determine w(-25).
175
Let o(c) = -c**3 - 117*c**2 + 1549*c + 392. Determine o(-129).
263
Let w(k) = -k**3 - 17*k**2 + 64*k + 923. Determine w(-20).
843
Let r(t) = -14302*t - 42966. Give r(-3).
-60
Let h(l) = 2*l**3 + 575*l**2 + 3484*l + 91. What is h(-6)?
-545
Let g(i) = -3*i**3 + 12*i**2 - 122*i + 637. Determine g(6).
-311
Let j(u) = u**3 - 86*u**2 + 112*u + 126. Determine j(85).
2421
Let m(w) = w**2 + 1581*w + 66113. What is m(-43)?
-21
Let h(c) = c**2 - 353*c + 27733. Determine h(235).
3
Let n(r) = 11912*r + 23945. Give n(-2).
121
Let n(v) = -v**3 + 127*v**2 - 1779*v - 11694. What is n(22)?
-12
Let j(k) = -1359*k - 23045. What is j(-17)?
58
Let o(r) = r**3 - 147*r**2 - 476*r + 3285. Give o(150).
-615
Let c(x) = -35*x**2 + 981*x - 3425. Calculate c(24).
-41
Let p(w) = -w**2 - 75*w - 1929. What is p(-67)?
-1393
Let p(i) = -21*i**2 - 5943*i + 11923. Determine p(-285).
-47
Let m(w) = w**2 + 1565*w + 291497. Determine m(-216).
113
Let r(d) = -2*d**3 + 77*d**2 - 168*d + 520. Give r(37).
-1589
Let o(a) = 5*a**2 + 144*a + 753. Calculate o(-10).
-187
Let i(f) = 4293*f + 8455. Give i(-2).
-131
Let a(i) = 313183*i + 217. Give a(0).
217
Let w(s) = -7*s**2 - 962*s + 986888. Give w(313).
-1
Let u(g) = -34*g**2 - 794*g + 1606. Determine u(2).
-118
Let f(q) = -42*q**3 + 2*q**2 - 47*q + 148. Calculate f(3).
-1109
Let n(k) = -121*k + 656. Give n(0).
656
Let m(h) = h**3 + 1519*h**2 - 10813*h - 199907. Calculate m(-1526).
-1
Let j(t) = -303*t - 50020. Calculate j(-166).
278
Let a(q) = -363*q + 37221. Determine a(99).
1284
Let n(u) = 9140*u**2 -